r?
True
Is 11387937287 a composite number?
False
Is 101158525165 a composite number?
True
Is 236241619 a prime number?
True
Is 2986817861 a prime number?
True
Is 93174140401 a composite number?
True
Is 219890849 a composite number?
False
Is 1799646887 composite?
False
Is 727823249 a prime number?
True
Is 34342196207 composite?
True
Is 5027170277 a composite number?
False
Is 6549031309 prime?
False
Is 896735447 a composite number?
False
Is 1596311338 a composite number?
True
Is 70029120467 a prime number?
False
Is 233121839 a prime number?
False
Is 22365233731 a prime number?
False
Is 342938217 composite?
True
Is 39049404287 composite?
False
Is 3274655857 a prime number?
False
Is 12254214997 a composite number?
True
Is 19814304779 composite?
True
Is 611126207 composite?
True
Is 27768331 a composite number?
True
Is 23540866322 prime?
False
Is 83804360023 composite?
True
Is 17499793301 a prime number?
False
Is 2715879311 a composite number?
False
Is 6655657997 a prime number?
True
Is 9772957303 prime?
True
Is 97404406739 a prime number?
True
Is 438251183 a prime number?
True
Is 21758629337 prime?
True
Is 1783452259 composite?
False
Is 24122357141 prime?
True
Is 367935935 a composite number?
True
Is 67004374351 composite?
True
Is 371741826629 composite?
False
Is 1779687571 a prime number?
False
Is 3053479327 composite?
True
Is 2812974053 prime?
False
Is 17804591659 a composite number?
False
Is 3671062309 a composite number?
False
Is 81077081 a prime number?
True
Is 26342060929 composite?
True
Is 68277783631 composite?
False
Is 40291768147 composite?
True
Is 290444343269 a prime number?
True
Is 1123898693 a prime number?
True
Is 8296025009 a prime number?
True
Is 939492647 a prime number?
True
Is 419110999 a composite number?
True
Is 36472629815 prime?
False
Is 15601981793 a composite number?
False
Is 79841692609 a prime number?
False
Is 7457138327 a prime number?
False
Is 3348672787 a prime number?
False
Is 93049400993 composite?
False
Is 163318175623 a composite number?
True
Is 1299434393 a prime number?
True
Is 393473299 a composite number?
True
Is 5949795493 a composite number?
True
Is 8010551135 a prime number?
False
Is 1768430978 prime?
False
Is 6603003119 composite?
False
Is 19144925809 prime?
False
Is 23934593093 a prime number?
True
Is 10357532303 a composite number?
True
Is 1574836789 prime?
False
Is 38277948791 prime?
True
Is 1273864259 prime?
True
Is 107841373 a composite number?
True
Is 157170157 prime?
True
Is 1927715113 composite?
False
Is 700647053 prime?
False
Is 712299817 composite?
False
Is 249410779613 a composite number?
True
Is 63078748067 a prime number?
True
Is 3175743317 a composite number?
False
Is 16758248959 composite?
False
Is 365113919 composite?
False
Is 1283252329 composite?
False
Is 495786023 a prime number?
True
Is 474889204739 a composite number?
False
Is 22124189707 prime?
False
Is 1767126943 prime?
False
Is 21869665651 composite?
False
Is 49876934267 composite?
False
Is 8189754017 prime?
False
Is 31688464193 composite?
True
Is 682043354 a prime number?
False
Is 58493770301 a composite number?
False
Is 305659911 a prime number?
False
Is 7357329557 composite?
False
Is 202928717 a prime number?
False
Is 18238268063 a prime number?
True
Is 32343604157 prime?
False
Is 38111559049 prime?
True
Is 51359693533 a prime number?
True
Is 52038427561 prime?
True
Is 9905098589 composite?
True
Is 6291289457 a prime number?
True
Is 13732324253 a composite number?
True
Is 2711264209 a prime number?
True
Is 2946089437 prime?
False
Is 1523121053 a composite number?
True
Is 60408508967 a prime number?
True
Is 367634689 composite?
False
Is 1139156581 composite?
True
Is 7987749577 a composite number?
True
Is 25175179121 a composite number?
False
Is 447895291 prime?
True
Is 72961262149 a composite number?
False
Is 51618706877 prime?
True
Is 1499977523 prime?
False
Is 871269253 a prime number?
True
Is 475477381 a prime number?
True
Is 22467641309 composite?
True
Is 64761071 a prime number?
False
Is 3476961755 a prime number?
False
Is 4673556383 a prime number?
True
Is 613310837 composite?
True
Is 57360979211 a composite number?
True
Is 3514539001 prime?
False
Is 70360465415 composite?
True
Is 7849338947 a composite number?
False
Is 119457884981 composite?
False
Is 312053306 a prime number?
False
Is 61956327767 prime?
True
Is 2926297243 prime?
False
Is 22542418163 a composite number?
True
Is 2442942949 composite?
False
Is 3332377121 a prime number?
False
Is 186596560013 composite?
True
Is 2178399301 a prime number?
False
Is 2019678601 a composite number?
False
Is 8433660583 prime?
True
Is 11531644963 a composite number?
True
Is 22120887637 prime?
True
Is 21980363837 composite?
True
Is 19965576539 prime?
True
Is 1847104621 composite?
True
Is 78166803977 a composite number?
False
Is 124885741927 a composite number?
True
Is 700180867 a prime number?
True
Is 2540113051 prime?
False
Is 35849071837 composite?
False
Is 206517029 a prime number?
False
Is 3894493067 prime?
True
Is 3347280829 a prime number?
False
Is 29915415079 composite?
True
Is 9197193743 a composite number?
False
Is 187891657 a composite number?
False
Is 4310477417 a composite number?
True
Is 413281667 prime?
True
Is 699390563 a prime number?
True
Is 33459672089 a composite number?
True
Is 87938203 prime?
True
Is 2837669447 prime?
False
Is 677976617 prime?
True
Is 2526397087 composite?
False
Is 254179789931 composite?
False
Is 4175970751 a composite number?
False
Is 625014289 a composite number?
False
Is 271658252471 prime?
True
Is 121142913631 a prime number?
False
Is 22149681707 a prime number?
False
Is 1119626282 composite?
True
Is 7990215707 a prime number?
True
Is 29518588637 composite?
False
Is 2204153177 a prime number?
True
Is 95978353 a prime number?
True
Is 5155146223 a composite number?
False
Is 546312001 composite?
False
Is 5515224851 a prime number?
True
Is 92504087651 prime?
False
Is 183910603 composite?
False
Is 36568454371 a prime number?
True
Is 1845555011 composite?
False
Is 10099127039 composite?
False
Is 629403491 a composite number?
True
Is 9062155841 prime?
True
Is 3258313451 a prime number?
True
Is 161621507 a prime number?
False
Is 5025073957 prime?
True
Is 1632978973 composite?
False
Is 19222517309 prime?
True
Is 19118408957 a prime number?
True
Is 1028641633 composite?
False
Is 5965110419 composite?
True
Is 8683551619 composite?
True
Is 17634673129 composite?
True
Is 144077645779 a prime number?
True
Is 2896183 a composite number?
True
Is 3813465401 a composite number?
False
Is 3466244779 a composite number?
True
Is 1384636181 composite?
False
Is 1925397599 composite?
True
Is 289993947811 composite?
True
Is 1786805753 a prime number?
False
Is 338829749 composite?
True
Is 17709275219 composite?
False
Is 19481050403 a prime number?
False
Is 22091957 a composite number?
True
Is 34250686499 a composite number?
True
Is 23964285811 prime?
False
Is 660316037 a prime number?
False
Is 287796967 a prime number?
False
Is 1199956451 composite?
True
Is 4697116769 prime?
False
Is 7453780487 a composite number?
False
Is 94910856373 a composite number?
True
Is 32820412397 prime?
True
Is 7939067111 a composite number?
False
Is 255618891013 a prime number?
False
Is 7248677239 prime?
True
Is 110862497 a prime number?
True
Is 46726135513 composite?
False
Is 187803631 a prime number?
True
Is 5367301957 composite?
True
Is 101687452978 a composite number?
True
Is 3504331469 prime?
True
Is 6561284227 a prime number?
True
Is 83155829 a prime number?
True
Is 7374288527 a prime number?
True
Is 76627307873 prime?
True
Is 10267699 prime?
False
Is 2947336739 a prime number?
False
Is 739992053 composite?
True
Is 4191990835 a prime number?
False
Is 82099039 composite?
True
Is 8698702631 a composite number?
True
Is 2469261269 a composite number?
False
Is 875204243 a prime number?
True
Is 23486439043 composite?
True
Is 395344711 a composite number?
False
Is 36602915939 a prime number?
True
Is 3874700407 composite?
False
Is 62765955773 composite?
True
Is 9630591199 prime?
False
Is 493058647 composite?
True
Is 40321819243 a prime number?
True
Is 6082596461 prime?
True
Is 4845770387 prime?
False
Is 23015711287 a prime number?
False
Is 17491087151 a composite number?
True
Is 15361313